 11?
11
What is the greatest common factor of 10 and 4?
2
Calculate the greatest common factor of 69 and 15.
3
Calculate the greatest common divisor of 56 and 34552.
56
Calculate the highest common divisor of 1510 and 10.
10
What is the highest common divisor of 24 and 152?
8
What is the greatest common divisor of 98 and 20678?
98
Calculate the highest common factor of 40 and 3580.
20
What is the greatest common factor of 413 and 35?
7
What is the greatest common divisor of 9 and 3987?
9
What is the highest common divisor of 132 and 2310?
66
Calculate the highest common divisor of 790 and 10.
10
Calculate the highest common divisor of 3360 and 105.
105
What is the highest common divisor of 203 and 63?
7
Calculate the greatest common divisor of 200 and 225.
25
Calculate the greatest common factor of 15 and 21.
3
What is the highest common factor of 76 and 4?
4
What is the highest common divisor of 10588 and 4?
4
Calculate the highest common divisor of 6 and 37.
1
Calculate the greatest common factor of 56 and 21448.
56
Calculate the greatest common divisor of 300 and 975.
75
What is the highest common factor of 126 and 3584?
14
Calculate the greatest common divisor of 55 and 341.
11
What is the highest common divisor of 115 and 15?
5
Calculate the greatest common divisor of 1728 and 405.
27
Calculate the greatest common factor of 64 and 16.
16
What is the greatest common divisor of 27740 and 95?
95
What is the greatest common divisor of 7 and 77?
7
What is the highest common factor of 1335 and 60?
15
What is the greatest common factor of 9 and 801?
9
Calculate the greatest common divisor of 18 and 126.
18
Calculate the greatest common factor of 100 and 80.
20
What is the greatest common factor of 160 and 2680?
40
Calculate the greatest common divisor of 187 and 88.
11
What is the highest common factor of 352 and 160?
32
What is the greatest common factor of 2014 and 304?
38
What is the highest common factor of 245 and 17885?
245
What is the greatest common factor of 5892 and 204?
12
Calculate the greatest common divisor of 196 and 252.
28
What is the highest common factor of 88 and 1672?
88
Calculate the greatest common factor of 8 and 872.
8
Calculate the greatest common factor of 64 and 1472.
64
What is the highest common divisor of 2020 and 20?
20
What is the greatest common divisor of 288 and 544?
32
Calculate the greatest common factor of 99 and 153.
9
Calculate the highest common divisor of 1472 and 64.
64
What is the highest common divisor of 420 and 196?
28
What is the greatest common divisor of 25 and 2?
1
Calculate the highest common divisor of 2106 and 648.
162
Calculate the greatest common factor of 55 and 5.
5
What is the greatest common divisor of 9 and 1410?
3
What is the greatest common divisor of 22 and 671?
11
What is the greatest common factor of 164 and 4?
4
What is the greatest common divisor of 26 and 168?
2
What is the highest common factor of 30 and 50?
10
Calculate the greatest common factor of 645 and 258.
129
Calculate the greatest common factor of 630 and 360.
90
Calculate the highest common divisor of 405 and 60.
15
Calculate the highest common factor of 343 and 35.
7
Calculate the greatest common factor of 106 and 2.
2
Calculate the greatest common factor of 12 and 164.
4
Calculate the highest common factor of 1474 and 10.
2
What is the highest common factor of 38 and 57?
19
Calculate the greatest common divisor of 17281 and 11.
11
Calculate the highest common factor of 16866 and 18.
18
What is the greatest common divisor of 70 and 224?
14
Calculate the highest common divisor of 4580 and 220.
20
What is the highest common divisor of 28 and 644?
28
What is the greatest common factor of 3069 and 372?
93
What is the greatest common divisor of 2562 and 231?
21
What is the highest common divisor of 126 and 819?
63
Calculate the greatest common divisor of 498 and 54.
6
What is the highest common factor of 2475 and 15?
15
Calculate the greatest common factor of 47 and 19364.
47
Calculate the greatest common factor of 22 and 88.
22
Calculate the highest common divisor of 3626 and 296.
74
What is the greatest common factor of 1488 and 868?
124
Calculate the highest common factor of 2338 and 182.
14
What is the highest common factor of 20 and 4820?
20
Calculate the greatest common divisor of 189 and 162.
27
Calculate the greatest common factor of 1715 and 5.
5
Calculate the greatest common divisor of 4 and 12.
4
Calculate the highest common divisor of 196 and 9604.
196
What is the greatest common divisor of 1078 and 686?
98
What is the greatest common divisor of 1 and 439?
1
What is the highest common divisor of 510 and 90?
30
What is the greatest common factor of 561 and 51?
51
Calculate the greatest common factor of 7 and 41965.
7
What is the highest common factor of 999 and 54?
27
What is the highest common factor of 273 and 78?
39
What is the greatest common factor of 295 and 1416?
59
What is the greatest common divisor of 10 and 3760?
10
Calculate the highest common factor of 414 and 63.
9
Calculate the highest common factor of 585 and 741.
39
What is the highest common divisor of 84 and 1428?
84
What is the greatest common divisor of 495 and 45?
45
What is the greatest common divisor of 367 and 1?
1
Calculate the highest common factor of 196 and 14.
14
What is the greatest common factor of 186 and 248?
62
Calculate the greatest common factor of 2668 and 116.
116
Calculate the greatest common divisor of 270 and 3.
3
Calculate the highest common factor of 32 and 992.
32
What is the highest common divisor of 165 and 14685?
165
Calculate the greatest common divisor of 1406 and 38.
38
What is the highest common factor of 996 and 36?
12
Calculate the highest common divisor of 5643 and 1197.
171
Calculate the greatest common divisor of 1265 and 99.
11
What is the greatest common divisor of 98 and 3262?
14
Calculate the highest common factor of 38 and 2128.
38
What is the greatest common factor of 832 and 884?
52
What is the highest common factor of 791 and 10622?
113
Calculate the highest common factor of 15543 and 11.
11
What is the highest common factor of 25 and 5?
5
Calculate the highest common divisor of 26 and 26.
26
What is the greatest common factor of 296 and 12839?
37
What is the highest common divisor of 14 and 420?
14
Calculate the greatest common factor of 114 and 15.
3
Calculate the greatest common factor of 1068 and 264.
12
Calculate the highest common factor of 26 and 923.
13
What is the greatest common factor of 80 and 5140?
20
What is the greatest common factor of 5980 and 90?
10
Calculate the highest common factor of 5073 and 534.
267
Calculate the highest common divisor of 9275 and 325.
25
Calculate the greatest common divisor of 217 and 14.
7
Calculate the highest common factor of 4 and 2.
2
What is the highest common divisor of 1053 and 1863?
81
Calculate the highest common divisor of 126 and 42.
42
What is the highest common divisor of 3744 and 324?
36
What is the greatest common divisor of 48 and 3?
3
Calculate the highest common divisor of 3 and 31.
1
Calculate the highest common factor of 25 and 225.
25
What is the greatest common divisor of 59832 and 216?
216
Calculate the greatest common factor of 26 and 21528.
26
What is the greatest common divisor of 70 and 20?
10
Calculate the highest common factor of 790 and 50.
10
What is the highest common divisor of 66 and 374?
22
What is the greatest common divisor of 1573 and 39?
13
What is the greatest common factor of 856 and 8?
8
What is the highest common factor of 11 and 11?
11
What is the highest common factor of 120 and 216?
24
What is the highest common factor of 70 and 175?
35
What is the greatest common divisor of 3979 and 1557?
173
Calculate the highest common divisor of 17 and 3893.
17
What is the highest common factor of 63 and 1757?
7
Calculate the greatest common factor of 13 and 845.
13
Calculate the highest common divisor of 1 and 1109.
1
What is the greatest common divisor of 2550 and 17?
17
Calculate the greatest common divisor of 18060 and 180.
60
Calculate the highest common factor of 4 and 5454.
2
What is the highest common factor of 341 and 31?
31
Calculate the greatest common divisor of 231 and 66.
33
Calculate the highest comm